
9
Let d(k) = -43*k**2 + 10*k + 5. Let a be d(2). Let c = 515 + a. What is the hundreds digit of c?
3
Let k be (-272)/(-6) - (-1)/(-3). Let y be 81/k*(-80)/(-6). What is the units digit of (-2)/(1 + -13) + 3716/y?
5
Let z(h) = 5*h**2 + 3*h - 14. Let o be (-2*(-1)/5)/(62/(-620)). Let v(b) = b - 1. Let n(u) = o*v(u) + z(u). What is the hundreds digit of n(5)?
1
Let g(b) = 66*b**2 - 9*b + 1. Let k be g(-2). Suppose -v - u = -k, -v - u + 571 = v. What is the units digit of v?
8
Let m = 635 - -4754. What is the tens digit of m?
8
Suppose 0 = -52*c + 70*c - 63*c + 1010610. What is the thousands digit of c?
2
Suppose -4*d + 3*s = 7*s - 12, -4*s = -3*d + 16. Suppose d*h - 2*k - 246 = 0, 5*k = -5*h + 243 + 27. Suppose 0 = -4*t + 57 + h. What is the units digit of t?
9
Let u = 12575 - 10486. What is the units digit of u?
9
Let x = 380 - 377. Suppose x*g = 15, g + 4*g = 3*b - 2048. What is the hundreds digit of b?
6
Let l(p) = 12*p + 12*p - 70 + 0*p - 115. What is the tens digit of l(10)?
5
Let x(p) = 5*p**2 - 4*p - 8. Let f be x(6). Let o = -123 + f. What is the units digit of 730/4 + (o/(-10) - -2)?
2
Suppose 2065*c = 2058*c + 57344. What is the thousands digit of c?
8
Suppose 33*l = 30*l + 12849. What is the thousands digit of l?
4
Let f(i) = -28 + 30 - 3*i**2 - 85*i + 35. What is the hundreds digit of f(-26)?
2
Suppose 20 = i + 15. Suppose 7312 = 3*v + i*v. What is the tens digit of v?
1
Suppose -5*z = 5*z - 2070. Suppose 4*u - j + z = 2220, 3*u = -2*j + 1518. What is the hundreds digit of u?
5
Suppose 0 = -87*m + 182199 + 128826. What is the units digit of m?
5
Suppose 0 = -33*a + 94 + 5. Suppose 5*m + a*z - 3422 = 0, 3*z - 1428 - 1309 = -4*m. What is the units digit of m?
5
Let l(p) = p**2 + 38*p + 29. Let u be l(-19). Let o = 577 + u. What is the hundreds digit of o?
2
Suppose 3*m = 4*k - 41327, 10*k - 5*k - 51630 = -2*m. What is the tens digit of k?
2
Let v = 60 + -58. Suppose 0 = -4*c + 4*p + 4464, c = v*c + p - 1114. Suppose -8*u + 133 = -c. What is the hundreds digit of u?
1
Let z = -83 + 59. Let n be (-3)/6 - (-131)/2. Let x = n + z. What is the units digit of x?
1
Let u be -2*(-102)/(-12)*-147. Suppose 4*k - 14*q = -17*q + u, -2*k - 2*q = -1250. What is the hundreds digit of k?
6
Let i(n) = -42529*n**3 + 40*n**2 + 33*n - 7. What is the hundreds digit of i(-1)?
5
Let k be (-3 - (-8 - -5))*(-1)/2. Suppose y - 7*y + 384 = k. Suppose 3*s + y - 403 = 0. What is the hundreds digit of s?
1
Suppose -12588 = -5*w + 3*g, -12587 = -5*w - 157*g + 159*g. What is the tens digit of w?
1
Let f be (-1043)/(-8) + 3/(-8). Let c = -127 + f. Suppose c*s + 22 = 145. What is the tens digit of s?
4
Let w = 151859 - 80392. What is the tens digit of w?
6
Let p(v) = -v**3 + 19*v**2 - 2*v - 12. Suppose -49*g = -50*g + 13. What is the tens digit of p(g)?
7
Suppose -28*v + 68 = 12. Suppose -5*m - 2*k = -1871, 2*m - 605 = v*k + 149. What is the hundreds digit of m?
3
Suppose 10*k - 13154 = 22576. Suppose 6*z - 3 = k. Suppose -3*r - 4*h + z = 0, 75 = r - h - 119. What is the units digit of r?
6
Let b(w) = -2*w - 4*w + w + 3*w + 3*w**2. Let v be b(2). What is the units digit of 3/12 - (-494)/v?
2
Let k = 246 + 581. Suppose -r - 2*a + k = 0, -4*a - 1001 = -r - 174. What is the units digit of r?
7
Let v = -4606 + 4717. What is the hundreds digit of v?
1
Let d(k) = -202*k - 20. Let t be d(-5). Suppose 0*g - 2*g = 2*m - t, 0 = -5*m - 5. Suppose 8*f - g = 424. What is the units digit of f?
5
Let d = -5659 + 7712. What is the hundreds digit of d?
0
Let h(y) = 2*y**2 - 10*y + 8. Let b(u) = 11*u**2 - 59*u + 47. Let t(c) = 6*b(c) - 34*h(c). Let p be t(-11). Let o = p - -187. What is the hundreds digit of o?
1
Let u(p) = -p**2 - 26*p + 65. Let i be u(-28). What is the units digit of 1865/15 - -2*3/i?
5
Suppose -3*x - 84 - 81 = 0. Let r = -78 - x. Let y = r - -35. What is the tens digit of y?
1
Let j(y) = -y**3 + 99*y**2 - 336*y + 519. What is the hundreds digit of j(92)?
8
Suppose 4*o + 0*o = -2*f + 16, 2*f = 0. Suppose 22 - o = q. Suppose -3*c + 165 = 3*n, -n + 3*c + 25 = -q. What is the units digit of n?
2
Suppose 3*i + 3*v = -3, 2*i + 4*v - 17 = 5*i. Let z(n) = n**3 + 5*n**2 + 5*n + 5. Let p be z(i). Suppose -5*b + 2 = -p. What is the units digit of b?
2
Suppose -q - 9 = -4*p - 3, -5*q + 45 = 5*p. Let o be (30/(-4) + 1)/((-8)/1552). Suppose q*u + 361 = o. What is the units digit of u?
0
Suppose -76 = -2*i + 21*i. Let w be (-145 - 1)*22/i. Suppose 5*a = w + 562. What is the hundreds digit of a?
2
Let y = -1092 + 1911. What is the hundreds digit of ((-13)/(y/(-9684)))/((-2)/(-7))?
5
Let w = -155 + 158. Suppose 0 = -16*t + w*t + 4797. What is the hundreds digit of t?
3
Let q(n) = n**2 + 22*n + 119. Let k = -152 - -130. What is the hundreds digit of q(k)?
1
Let l(r) = -1470*r - 494. What is the thousands digit of l(-6)?
8
Let c(m) = 11771*m - 505. What is the tens digit of c(2)?
3
Let n = 1425 - -14400. What is the units digit of n?
5
Let a(w) = 56*w**3 + 4*w**2 + 22*w - 101. What is the hundreds digit of a(7)?
4
Suppose 70*b = 86*b + 32. What is the hundreds digit of (-5 - (1 - 1)) + (-232)/b?
1
Suppose 105*w - 2665409 = 1485112 - 1497276. What is the hundreds digit of w?
2
Suppose -3*r + 2963 = -0*n + 2*n, 2*n - 2998 = 4*r. Suppose -15*a = -n - 1406. What is the units digit of a?
3
Suppose -4*a = -u - 35 - 50, -u = -2*a + 45. Suppose 8*r - 4*r = a. Suppose 96 = w + r*w. What is the tens digit of w?
1
Let o(w) = -w - 24. Let m be o(-20). Let s(v) = v**2 + v - 10. Let a be s(m). Suppose -b = -3*p - a*b + 264, 4*p = -5*b + 363. What is the units digit of p?
7
Let w be 2 - 2 - -5 - -440. Let b = w - 202. Suppose -6*a + b = -5*a. What is the units digit of a?
3
Let j be -3 - (-58)/18 - (-25)/9. Let l(c) = 48*c + 33. What is the hundreds digit of l(j)?
1
Let k(g) = 681*g - 824*g + 1203*g + 311*g - 31. What is the thousands digit of k(1)?
1
Suppose -2*c = 2*x - c - 12, 4 = -3*x + 4*c. What is the units digit of (-5)/(50/x) + (-5299)/(-35)?
1
Suppose 2*t = 5*n + 318, -160 = -3*t - n + 368. What is the hundreds digit of t?
1
Let q(w) = -w**3 - 81*w**2 - 403*w - 140. What is the units digit of q(-76)?
8
Let c be 85/30 - (-2)/12. Suppose 2*z - c*s - 6 = 0, 4*s = 3*z - 0*s - 9. Suppose -4*q - 2*w + 816 = 0, -4*w + 368 = z*q - 239. What is the units digit of q?
5
Let m(t) = 4*t**3 + 4*t**2 + 53*t - 134. What is the thousands digit of m(15)?
5
Let m(o) be the first derivative of 29*o**4/12 + o**3/2 - 2*o**2 + 25*o - 16. Let l(r) be the first derivative of m(r). What is the hundreds digit of l(2)?
1
Suppose v - 48*p - 164 = -52*p, -4*p = 4*v - 656. Let u(h) = -60*h**2. Let w be u(1). Let q = w + v. What is the hundreds digit of q?
1
Let y = 81 + -74. Suppose 5*s + 3*h - 3354 = y*h, -4*h - 658 = -s. What is the hundreds digit of s?
6
Let q(a) = -a**2 - 16*a + 72. Let s be q(-19). Suppose -s*r = -22*r + 7595. What is the hundreds digit of r?
0
Let i = 1020 - 1524. Let b = 971 + i. What is the tens digit of b?
6
Suppose 274 + 196 = t. What is the tens digit of (-10 + 20)*t/4?
7
Suppose 3*w + 7 = 19, 0 = -f + 5*w - 19. Let p be (-18)/(-27)*(-2 + -1)/f. Let o(y) = -15*y**3 - 3*y**2 - 2*y + 1. What is the units digit of o(p)?
3
What is the tens digit of -6*103/(-21)*3605/10?
0
Suppose -c + 0 = -1, -4*v - 5*c = -29. What is the tens digit of (-459)/v*4/(-2)?
5
Suppose 6*y = 4*y + 16. Let l(s) = -3*s + 28. Let r be l(y). Suppose g = -3*i - g + 303, -2*i = -r*g - 186. What is the units digit of i?
9
Let m(p) = -47*p + 1. Let w be m(-5). Let z be 1 + 1 + -4 - (w - 0). Let q = z + 342. What is the units digit of q?
4
Let c be ((-2091)/(-272))/((-6)/(-8))*4. Let o = 331 - c. What is the hundreds digit of o?
2
Suppose -230*n = 32*n - 4243090. What is the thousands digit of n?
6
Let p(u) = u**3 - 9*u**2 + 12*u + 10. Let c be p(3). Let y(z) = -23*z + 178. What is the tens digit of y(c)?
6
Suppose -4*d = z - 19 - 4, z + 33 = 4*d. Suppose -d*l - 80 + 9677 = 0. What is the tens digit of l?
7
Suppose 64*j - 449138 = 217925 + 288713. What is the thousands digit of j?
4
Let s(w) = 5378*w**2 - 55*w + 124. What is the thousands digit of s(3)?
8
Suppose 24*h = 10051 + 18341. Let u = 2036 - h. What is the hundreds digit of u?
8
Let c(h) = 0*h**2 - 14*h**2 + 18*h + h**3 + 32*h**2 - 34. Let w be c(-16). Suppose 2*o + 3